{"id":154,"date":"2018-10-14T17:27:05","date_gmt":"2018-10-14T17:27:05","guid":{"rendered":"http:\/\/www.dursmlodzi.org.pl\/?page_id=154"},"modified":"2019-04-28T16:48:15","modified_gmt":"2019-04-28T16:48:15","slug":"edukacja","status":"publish","type":"page","link":"https:\/\/www.dursmlodzi.org.pl\/?page_id=154","title":{"rendered":"Edukacja"},"content":{"rendered":"<div class=\"bg_subtitle\">\n<h1 style=\"text-align: left;\">Edukacja<\/h1>\n<p>&nbsp;<\/p>\n<p class=\"subheadInModule\" style=\"text-align: center;\"><span style=\"color: #000000;\"><strong>Godka \u015al\u014dnsko we szkole, nauka historii regionalnej\u2026<\/strong><\/span><\/p>\n<\/div>\n<div class=\"module_content\">\n<p><span style=\"color: #000000;\"><strong>Jakie mamy cele?<\/strong><\/span><\/p>\n<p><span style=\"color: #000000;\">Przede wszystkim edukacja regionalna w szko\u0142ach bo nikt ze wsp\u00f3\u0142pracuj\u0105cych z DUR\u015a specjalistami, nie chce by j\u0119zyk \u015bl\u0105ski, sta\u0142 si\u0119 j\u0119zykiem martwym. \u017beby tak si\u0119 nie sta\u0142o, musimy w \u015bl\u0105skich szko\u0142ach wprowadzi\u0107 nauk\u0119 historii regionalnej i j\u0119zyka \u015bl\u0105skiego. Wa\u017cne by ka\u017cde dziecko wiedzia\u0142o, jaka jest przesz\u0142o\u015b\u0107 ziem, na kt\u00f3rej mieszkaj\u0105 i \u017cyj\u0105. Wa\u017cne jest te\u017c, by m\u0142odzie\u017c uto\u017csamia\u0142a si\u0119 ze \u015al\u0105skiem.<\/span><\/p>\n<p><span style=\"color: #000000;\">Nasze dzia\u0142ania skupiaj\u0105 si\u0119 na tym, by zgromadzi\u0107 wok\u00f3\u0142 siebie grup\u0119 nauczycieli, pedagog\u00f3w do nauki tych\u017ce przedmiot\u00f3w. Chcemy stworzy\u0107 Zesp\u00f3\u0142 Do Nauki J\u0119zyka \u015al\u0105skiego w Szko\u0142ach. W ten spos\u00f3b podnosi\u0107 kompetencje nauczycieli i tworzenie w przysz\u0142o\u015bci autor\u00f3w podr\u0119cznik\u00f3w do r\u00f3\u017cnych kategorii wiekowych, o r\u00f3\u017cnych stopniach trudno\u015bci.<\/span><\/p>\n<p><span style=\"color: #000000;\">Chcemy\u00a0nadal wsp\u00f3\u0142prowadzi\u0107 Zesp\u00f3\u0142 Kodyfikacji Godki \u015al\u0105skiej, to dla nas bardzo wa\u017cny temat.<\/span><\/p>\n<p><span style=\"color: #000000;\">Planujemy stworzy\u0107 w Rybniku \u201eCentrum Edukacji Regionalnej\u201d, przy naukowej wsp\u00f3\u0142pracy naukowc\u00f3w i profesor\u00f3w Uniwersytetu \u015al\u0105skiego,<\/span><\/p>\n<p><span style=\"color: #000000;\">B\u0119dziemy organizowa\u0107 te\u017c, co roku wsp\u00f3lnie z Zespo\u0142em Kodyfikacji J\u0119zyka \u015al\u0105skiego, przy wsp\u00f3\u0142pracy i pod patronatem Prezydenta Miasta Rybnika Piotra Kuczery &#8211; &#8222;Mi\u0119dzynarodowe Dyktando Godki \u015al\u0105skiej&#8221;.<\/span><\/p>\n<p><span style=\"color: #000000;\">W planach mamy\u00a0organizacj\u0119 zimowisk i p\u00f3\u0142kolonii z programem regionalnym. Plany i cele dzia\u0142a\u0144 ci\u0105gle si\u0119 poszerzaj\u0105, a to za spraw\u0105 wci\u0105\u017c przychodzacych do nas nowych ludzi. Dlatego te\u017c wszystkich gotowych i chc\u0105cych dzia\u0142a\u0107.\u00a0Serdecznie zapraszamy\u00a0do kontaktu.\u00a0Demokratyczna Unia Regionalist\u00f3w \u015al\u0105skich, gotowa jest te\u017c do wsp\u00f3\u0142pracy z ka\u017cdym post\u0119powym ugrupowaniem w regionie.<\/span><\/p>\n<\/div>\n","protected":false},"excerpt":{"rendered":"<p>Edukacja &nbsp; Godka \u015al\u014dnsko we szkole, nauka historii regionalnej\u2026 Jakie mamy cele? Przede wszystkim edukacja regionalna w szko\u0142ach bo nikt ze wsp\u00f3\u0142pracuj\u0105cych z DUR\u015a specjalistami, nie chce by j\u0119zyk \u015bl\u0105ski, sta\u0142 si\u0119 j\u0119zykiem martwym. \u017beby tak si\u0119 nie sta\u0142o, musimy w \u015bl\u0105skich szko\u0142ach wprowadzi\u0107 nauk\u0119 historii regionalnej i j\u0119zyka \u015bl\u0105skiego. Wa\u017cne by ka\u017cde dziecko wiedzia\u0142o,&hellip; <br \/> <a class=\"read-more\" href=\"https:\/\/www.dursmlodzi.org.pl\/?page_id=154\">Dowiedz si\u0119 wi\u0119cej<\/a><\/p>\n","protected":false},"author":1,"featured_media":0,"parent":0,"menu_order":0,"comment_status":"closed","ping_status":"closed","template":"page-templates\/homepage.php","meta":{"footnotes":""},"class_list":["post-154","page","type-page","status-publish","hentry"],"_links":{"self":[{"href":"https:\/\/www.dursmlodzi.org.pl\/index.php?rest_route=\/wp\/v2\/pages\/154","targetHints":{"allow":["GET"]}}],"collection":[{"href":"https:\/\/www.dursmlodzi.org.pl\/index.php?rest_route=\/wp\/v2\/pages"}],"about":[{"href":"https:\/\/www.dursmlodzi.org.pl\/index.php?rest_route=\/wp\/v2\/types\/page"}],"author":[{"embeddable":true,"href":"https:\/\/www.dursmlodzi.org.pl\/index.php?rest_route=\/wp\/v2\/users\/1"}],"replies":[{"embeddable":true,"href":"https:\/\/www.dursmlodzi.org.pl\/index.php?rest_route=%2Fwp%2Fv2%2Fcomments&post=154"}],"version-history":[{"count":5,"href":"https:\/\/www.dursmlodzi.org.pl\/index.php?rest_route=\/wp\/v2\/pages\/154\/revisions"}],"predecessor-version":[{"id":874,"href":"https:\/\/www.dursmlodzi.org.pl\/index.php?rest_route=\/wp\/v2\/pages\/154\/revisions\/874"}],"wp:attachment":[{"href":"https:\/\/www.dursmlodzi.org.pl\/index.php?rest_route=%2Fwp%2Fv2%2Fmedia&parent=154"}],"curies":[{"name":"wp","href":"https:\/\/api.w.org\/{rel}","templated":true}]}}